{"id":2135,"date":"2021-09-04T16:32:33","date_gmt":"2021-09-04T16:32:33","guid":{"rendered":"https:\/\/saldanhaadvogados.adv.br\/novo\/?page_id=2135"},"modified":"2025-06-25T00:19:02","modified_gmt":"2025-06-25T00:19:02","slug":"contato","status":"publish","type":"page","link":"https:\/\/saldanhaadvogados.adv.br\/novo\/contato\/","title":{"rendered":"Contato"},"content":{"rendered":"<p>[vc_row][vc_column width=&#8221;1\/2&#8243;][vc_wp_text title=&#8221;Saldanha Advogados Associados&#8221;]Para entrar em contato conosco, use um de nossos canais aoaix:[\/vc_wp_text][ct_contact_info content_type=&#8221;tel&#8221; icon_fontawesome=&#8221;fas fa-phone-volume&#8221; content_info=&#8221;Nosso telefone \u00e9 51 3939-8412 ou Whatts 51 99965-8969&#8243;][ct_contact_info content_type=&#8221;map&#8221; button_text=&#8221;Estamos aqui&#8221; button_link=&#8221;url:https%3A%2F%2Fgoo.gl%2Fmaps%2FJSrgca8vxfQadtTX7|title:Onde%20estamos|target:_blank&#8221; icon_fontawesome=&#8221;fas fa-map-marker-alt&#8221; content_info=&#8221;Rua Coronel Marcelino, 40 Sala 403, Canoas, RS, 92310060<br \/>\nRua Osvaldo Aranha, 2170 &#8211; Centro, Taquari &#8211; RS, 95860-000&#8243;][ct_contact_info content_type=&#8221;email&#8221; icon_fontawesome=&#8221;fas fa-envelope&#8221; content_info=&#8221;contato@saldanhaadvogados.adv.br&#8221;][vc_column_text]<\/p>\n<pre id=\"tw-target-text\" class=\"tw-data-text tw-text-large XcVN5d tw-ta\" dir=\"ltr\" data-placeholder=\"Tradu\u00e7\u00e3o\"><span class=\"Y2IQFc\" lang=\"pt\">Entre em contato conosco usando as informa\u00e7\u00f5es abaixo. \nPara obter informa\u00e7\u00f5es adicionais sobre nossos servi\u00e7os de consultoria de gerenciamento, visite a p\u00e1gina apropriada em nosso site.<\/span><\/pre>\n<p><br \/>\n<br \/>\n[\/vc_column_text][\/vc_column][vc_column width=&#8221;1\/2&#8243;][vc_column_text]Preencha todos os dados corretamente para que possamos retornar seu contato. Obrigado![\/vc_column_text][ct_contact_form id=&#8221;754&#8243;][\/vc_column][\/vc_row][vc_row][vc_column][ct_space space_lg=&#8221;62&#8243; space_md=&#8221;62&#8243; space_sm=&#8221;62&#8243; space_xs=&#8221;30&#8243;][\/vc_column][\/vc_row][vc_row][vc_column][vc_gmaps link=&#8221;#E-8_JTNDaWZyYW1lJTIwc3JjJTNEJTIyaHR0cHMlM0ElMkYlMkZ3d3cuZ29vZ2xlLmNvbSUyRm1hcHMlMkZlbWJlZCUzRnBiJTNEJTIxMW0xOCUyMTFtMTIlMjExbTMlMjExZDM0NTguMDQyNTkwNTQ4Njc5JTIxMmQtNTEuMTg3NzYxMDI1MjI2Nzg0JTIxM2QtMjkuOTIwNjc2MDI1NTQ2NTk0JTIxMm0zJTIxMWYwJTIxMmYwJTIxM2YwJTIxM20yJTIxMWkxMDI0JTIxMmk3NjglMjE0ZjEzLjElMjEzbTMlMjExbTIlMjExczB4OTUxOTdhYTVkMmRlNTNkOSUyNTNBMHgxNDRjNzNmZDdjMmIyYmI3JTIxMnNSLiUyNTIwQ2VsLiUyNTIwTWFyY2VsaW5vJTI1MkMlMjUyMDQwJTI1MjAtJTI1MjA0MDMlMjUyMC0lMjUyMENlbnRybyUyNTJDJTI1MjBDYW5vYXMlMjUyMC0lMjUyMFJTJTI1MkMlMjUyMDkyMzEwLTA2MCUyMTVlMCUyMTNtMiUyMTFzcHQtQlIlMjEyc2JyJTIxNHYxNjk4NzczNDUyMTE0JTIxNW0yJTIxMXNwdC1CUiUyMTJzYnIlMjIlMjB3aWR0aCUzRCUyMjYwMCUyMiUyMGhlaWdodCUzRCUyMjQ1MCUyMiUyMHN0eWxlJTNEJTIyYm9yZGVyJTNBMCUzQiUyMiUyMGFsbG93ZnVsbHNjcmVlbiUzRCUyMiUyMiUyMGxvYWRpbmclM0QlMjJsYXp5JTIyJTIwcmVmZXJyZXJwb2xpY3klM0QlMjJuby1yZWZlcnJlci13aGVuLWRvd25ncmFkZSUyMiUzRSUzQyUyRmlmcmFtZSUzRQ==&#8221;][\/vc_column][\/vc_row]<\/p>\n","protected":false},"excerpt":{"rendered":"<p>[vc_row][vc_column width=&#8221;1\/2&#8243;][vc_wp_text title=&#8221;Saldanha Advogados Associados&#8221;]Para entrar em contato conosco, use um de nossos canais aoaix:[\/vc_wp_text][ct_contact_info content_type=&#8221;tel&#8221; icon_fontawesome=&#8221;fas fa-phone-volume&#8221; content_info=&#8221;Nosso telefone \u00e9 51 3939-8412 ou Whatts 51 99965-8969&#8243;][ct_contact_info content_type=&#8221;map&#8221; button_text=&#8221;Estamos aqui&#8221; button_link=&#8221;url:https%3A%2F%2Fgoo.gl%2Fmaps%2FJSrgca8vxfQadtTX7|title:Onde%20estamos|target:_blank&#8221; icon_fontawesome=&#8221;fas fa-map-marker-alt&#8221; content_info=&#8221;Rua Coronel Marcelino, 40 Sala 403, Canoas, RS, 92310060 Rua Osvaldo Aranha, 2170 &#8211; Centro, Taquari &#8211; RS, 95860-000&#8243;][ct_contact_info content_type=&#8221;email&#8221; icon_fontawesome=&#8221;fas fa-envelope&#8221; [&hellip;]<\/p>\n","protected":false},"author":1,"featured_media":0,"parent":0,"menu_order":0,"comment_status":"closed","ping_status":"closed","template":"","meta":[],"_links":{"self":[{"href":"https:\/\/saldanhaadvogados.adv.br\/novo\/wp-json\/wp\/v2\/pages\/2135"}],"collection":[{"href":"https:\/\/saldanhaadvogados.adv.br\/novo\/wp-json\/wp\/v2\/pages"}],"about":[{"href":"https:\/\/saldanhaadvogados.adv.br\/novo\/wp-json\/wp\/v2\/types\/page"}],"author":[{"embeddable":true,"href":"https:\/\/saldanhaadvogados.adv.br\/novo\/wp-json\/wp\/v2\/users\/1"}],"replies":[{"embeddable":true,"href":"https:\/\/saldanhaadvogados.adv.br\/novo\/wp-json\/wp\/v2\/comments?post=2135"}],"version-history":[{"count":11,"href":"https:\/\/saldanhaadvogados.adv.br\/novo\/wp-json\/wp\/v2\/pages\/2135\/revisions"}],"predecessor-version":[{"id":2438,"href":"https:\/\/saldanhaadvogados.adv.br\/novo\/wp-json\/wp\/v2\/pages\/2135\/revisions\/2438"}],"wp:attachment":[{"href":"https:\/\/saldanhaadvogados.adv.br\/novo\/wp-json\/wp\/v2\/media?parent=2135"}],"curies":[{"name":"wp","href":"https:\/\/api.w.org\/{rel}","templated":true}]}}